 value of (1 - 3) + -3 + 0?
-5
What is -6 + 3 + 0 - -6?
3
What is 7 - 10 - (0 - (-2 - 0))?
-5
What is 2 - 2 - (5 + -13)?
8
Evaluate -4 + 1 - -13 - 4.
6
Evaluate 3 - 7 - (-3 + 0) - -3.
2
What is 11 - 7 - (-4 + (3 - -1))?
4
Calculate -2 - (0 + 1) - (1 + -1).
-3
Calculate -2 + (8 - 12) + 11.
5
(3 - 4) + 9 + -2
6
What is (-5 - (-3 + 0)) + -3?
-5
What is the value of 6 + (-1 - -8 - 4 - 0)?
9
Evaluate 4 - 0 - (147 - 139).
-4
What is the value of (-1 - -4) + (-20 - 2) + 15?
-4
Calculate -7 - (0 + 4 + -8).
-3
(4 - (7 - 0)) + -3
-6
Calculate 6 + 0 + -8 + (0 - -3).
1
What is the value of (1 + 7 + -1 - -3) + -6?
4
What is -3 + (-2 + 1 - -4)?
0
(-4 - (-3 + -1 + 3)) + 5
2
What is the value of 0 + -3 + 8 + -2?
3
Evaluate -2 - (0 - (7 + 1 - 7)).
-1
Evaluate -6 - -1 - (-26 + 18) - -1.
4
What is the value of 28 + -25 - (3 - 0) - 3?
-3
Calculate -1 - (-7 - (3 - 5)).
4
Calculate 0 + 5 + -1 + -1.
3
What is the value of (-12 + 4 - (-8 - -5)) + 10?
5
Evaluate -48 + 47 + 0 + -2.
-3
-2 + (10 + -3 - (1 - 1))
5
What is the value of 0 + (-4 - (-7 - -2))?
1
5 + (2 - 6) - -3
4
Calculate 1 - (-6 + (4 - -1)) - -6.
8
-73 - -78 - (3 + (3 - 2))
1
(2 - (11 - (-3 + 5))) + 3
-4
What is 2 + (13 - 11) + (2 - -2)?
8
What is the value of 2 + -1 + -3 - -3?
1
What is the value of 1 + (-6 + 0 + -2 - -3)?
-4
What is (2 - 10) + (6 - (-6 - -8))?
-4
What is the value of 1 - 0 - (3 - 8)?
6
Calculate (0 - 7) + 6 + (1 - 2).
-2
7 + -1 + -5 - (0 + 2)
-1
Calculate 7 + 0 - (-2 + (-3 - -11)).
1
What is 81 + -77 - (9 + 0)?
-5
1 - (0 + (-8 - -1) + 8)
0
What is -4 + -5 + -4 + 2 + 5?
-6
Evaluate 4 - (-3 + -1 - -2 - -7).
-1
Calculate (-1 - (1 + (-11 - -4))) + -9.
-4
Evaluate -3 - ((8 - 3 - 0) + -1).
-7
Evaluate -2 - (-5 + -2) - 2.
3
What is the value of (1 - -4) + (-3 - 4)?
-2
What is the value of 4 + (-3 - -1 - -3) + -1?
4
Calculate 6 + (-7 - -4) - 2.
1
Evaluate -4 + (4 + (1 - 0) - 3).
-2
Evaluate -3 + (2 - (6 + 0 + -3)).
-4
Calculate 0 - ((9 - 22) + 11).
2
Calculate -3 + (4 + -6 - -2).
-3
Evaluate (2 - (3 - 3)) + -5 + -1.
-4
What is the value of 2 + (3 + -3 - (-1 + 6))?
-3
(-3 - 2) + (1 + 1 - -6)
3
What is 2 + -7 + (-2 - 4) + 18?
7
What is the value of (-5 - -2) + 2 + -27 + 29?
1
Calculate 0 - (-2 - 3) - 2.
3
Calculate -1 + (5 - 7) + (1 - 0).
-2
What is 1 - 8 - (5 - 5)?
-7
Evaluate 10 + (-3 - 16) + 10.
1
What is the value of -3 + -2 + 2 + 10 + -2?
5
What is -2 - (5 + 3 + (1 - 6))?
-5
What is -1 + 4 - (11 + -16)?
8
Calculate 3 - (2 + -3 + -2 - -10).
-4
Evaluate 0 - (-1 + 5) - (6 + -7).
-3
What is (0 - 2) + -2 + (2 - 1)?
-3
What is 0 + (15 - 8) - (0 - -5)?
2
Calculate -1 + (1 - (-4 - -5)).
-1
Evaluate -4 + (11 - 3) + -7.
-3
What is the value of 2 - (2 - (-3 - -4)) - -6?
7
What is -2 + 17 + -18 + 0 + -3?
-6
What is -4 + 3 + -2 - -2 - -3?
2
What is the value of -3 + -1 + 11 + (-1 - 3)?
3
What is the value of (-2 - 1) + -2 + 0 + 9?
4
What is the value of 0 + -4 - (0 + 0)?
-4
What is the value of -4 + (0 - (-1 + 0 + -1))?
-2
What is 5 - (7 + -2 + 1)?
-1
Evaluate 0 + -4 + 1 + 5.
2
Calculate (-24 - -19) + -6 + 1.
-10
Calculate 5 - (1 + 7) - (-1 + -1).
-1
What is the value of (-3 - 8) + (-17 - -21)?
-7
What is the value of 0 - (0 + 0 - (-4 + 2))?
-2
Calculate -4 + -2 + 2 - (-5 + 1).
0
-11 - (0 + -4) - (4 + -10)
-1
1 + 3 + -16 + (3 - -11)
2
What is (2 - 2) + 4 + -6 + 2?
0
-3 - (-2 + -8 + 0)
7
What is (-3 + 0 - 1) + -7 + 16?
5
What is the value of 1 - ((13 - 4) + -3)?
-5
(-7 - -10) + -6 - -2
-1
What is the value of -4 - 0 - -3 - (-2 - -1)?
0
Evaluate 3 - (6 - (6 + 0)).
3
(1 - 7) + (-4 - -9)
-1
(-25 - -8) + 12 + -2 + 0
-7
5 - (-5 - 0) - 5
5
What is the value of 1 - (-1 - (1 - 4)) - -1?
0
Evaluate 0 + 0 + 1 + -9.
-8
Evaluate 2 - 6 - (9 + -13 + 3).
-3
What is -13 + (-6 - -4) - -9?
-6
What is the value of -9 + (-4 + -1 - -9)?
-5
Calculate 1 - (-2 - (-3 - 2)).
-2
Calculate 1 + -3 - 2 - (2 - 4).
-2
2 + -4 + 5 + 2
5
What is the value of 7 + -15 - (7 + -8)?
-7
What is the value of -2 + -1 + (4 - 7) - -2?
-4
What is -2 + (-5 - -1) + 5 - 2?
-3
Evaluate (-1 - -15) + (10 - 15) + -3.
6
(0 - -1) + -3 - -2 - -3
3
4 - -6 - (-7 + 12 + 0)
5
What is the value of -4 + 5 - (-14 + 13)?
2
What is -13 + 8 + -2 + 1?
-6
Evaluate 64 + -68 - (0 + 2).
-6
-4 - 0 - (4 - 3)
-5
Evaluate -6 - (-1 + (3 - 4)).
-4
What is the value of (-8 - -2 - -13) + -9?
-2
-7 + 1 + (0 - (12 - 18))
0
Calculate -13 + -3 + 3 + (-6 - -12).
-7
Evaluate -7 - (-14 - (1 - 8)).
0
-1 - -5 - (-27 + 28)
3
What is the value of 17 + -16 - (-2 + -1)?
4
Evaluate (97 - 105) + (-2 - -6).
-4
Calculate 0 - -1 - (-9 + 10 - -4).
-4
Evaluate -2 - (12 - (9 - -1)).
-4
What is (0 - -3) + (2 - 1)?
4
Calculate 4 + (2 - 16) + 5.
-5
-8 - (0 - 9 - (9 - 15))
-5
What is the value of -12 + 4 + -2 + 4?
-6
What is the value of 6 + (2 + 1 - 3)?
6
Evaluate -12 - (11 + -22) - 5.
-6
What is the value of 10 - (6 - 10 - -2 - -5)?
7
-9 - -1 - (1 - 2 - 5)
-2
9 + -8 - ((-3 - 0) + 2)
2
2 + -2 + 3 + -2
1
What is the value of -3 + (-3 + 0 - -9)?
3
(-4 - -2) + 7 + -1 + 0
4
Evaluate -1 + -2 + (4 - -2).
3
-8 + 3 + (7 - 1) + -3
-2
6 + -10 - (-7 + 3 + 4)
-4
What is 1 + -4 + 1 - 0?
-2
What is -26 - -20 - (-1 - 9)?
4
What is the value of -3 + -2 - (-1 - 3)?
-1
-12 - -4 - (-4 - 0)
-4
What is 16 + -3 - (17 + -8)?
4
Calculate (-1 - (2 - 7)) + 3.
7
-5 + (8 - 3) - (1 - -1)
-2
What is the value of -5 - 3 - (4 + -6 + -2)?
-4
What is the value of 5 - (-3 + 9 + 6 + -3)?
-4
What is (6 - -1) + 4 + -8?
3
What is 0 + -3 - -8 - 0?
5
Evaluate (3 + -1 - -1) + (9 - 8).
4
What is -6 + (32 - 15) + -7?
4
What is (1 - 5) + 0 + 3?
-1
What is the value of 1 - 3 - (24 - (-7 - -26))?
-7
Calculate 4 + (3 - -1) + 1 - 4.
5
-11 - -16 - (3 - -4)
-2
Calculate 0 + 8 + -5 + -1 + 2.
4
What is (-10 - -3) + 3 + 6?
2
What is the value of -4 + (-2 - (-2 + -3)) - 3?
-4
Calculate -6 + 3 + (4 - 2).
-1
Calculate 1 + 5 + -10 + (-7 - -5).
-6
Calculate (-1 + 2 - 5) + (20 - 12).
4
0 - (-5 + 6) - 1
-2
Calculate 0 - -5 - (-3 - 13 - -18).
3
3 + 3 + 0 + -7
-1
Calculate 2 - (-5 - (-4 - 3) - 1).
1
What is the value of 7 + -1 - (5 - 3)?
4
(3 - 13 - -4) + 8
2
Calculate 0 + -2 - (3 - 5).
0
Calculate 1 - (1 - (2 - 1)).
1
Evaluate 11 + -6 + -1 - 5.
-1
Calculate 10 + -4 + -1 + -1.
4
Evaluate (-6 - -5 - -3) + 7 + -5.
4
What is the value of -6 - (-1 - (5 - 5))?
-5
-1 + 3 - ((20 - 10) + -7)
-1
Evaluate 0 + (-4 - -5 - 4).
-3
Evaluate -1 + 1 - ((-3 - -2) + 4).
-3
What is the value of 97 - 105 - ((-1 - 2) + 1)?
-6
Calculate (10 - (-2 - -5)) + 0.
7
What is the value of -67 + 62 + (2 + -1 - -2)?
-2
What is 10 + (2 - 7) + (-8 - -1)?
-2
What is -1 + (5 - 4) + -3?
-3
What is 6 - (-4 + -4 + 11)?
3
Calculate (10 - 14) + (4 - -5).
5
-8 - (3 + -6 + -4 + 3)
-4
Calculate 1 + -3 + 2 + -4 + -1.
-5
What is the value of -21 + 20 - (2 + -8)?
5
What is the value of 1 - 4 - -16 - 6 - -2?
9
Calculate 10 - 4 - 3 - 0.
3
Evaluate (-3 - 7) + 6 + 9.
5
Evaluate 9 + -1 - 4 - -2.
6
-4 - (-1 + -2 + (-3 - 1))
3
What is 4 + (-4 - -3) - (1 - 1)?
3
(9 - 8) + (-6 - -2) - -5
2
Evaluate 7 + -1 + 3 + (-4 - 11).
-6
What is (1 - -1 - 0) + -3 + -5?
-6
What is the value of -4 - 1 - (-13 + 4 + 2)?
2
What is the value of (3 - 7) + 5 + -4?
-3
What is -2 + (5 - 2) - (-2 + 9)?
-6
Calculate -5 - 0 - (4 + -6 - -2).
-5
What is the value of -6 + -3 + 3 + 3 + -1?
-4
12 - -2 - (6 - 0)
8
What is the value of -6 - (-20 + 9 - -7)?
-2
What is 6 + -2 - (-11 - -14)?
1
What is the value of -6 - -4 - 1 - 2?
-5
Calculate (3 - 2) + 19 + -17.
3
Evaluate -6 - -4 - (6 + -6 + 0).
-2
Evaluate -5 - (3 - 2 - (2 + 0)).
-4
Evaluate 4 + -2 + 6 + -13.
-5
Calculate -3 - (2 + -2) - (-9 + 4).
2
-1 - (11 - 5) - -3
-4
-2 + (0 - 0 - 3)
-5
Evaluate (0 + 6 - 3) + 2 - 11.
-6
Calculate -9 - -8 - (1 + -3 + 5).
-4
What is 0 + 29 - 39 - (-6 - 0)?
-4
What is -3 + -1 + 7 + 1 + -7?
-3
What is -4 - (3 + 2 - 10)?
1
What is 4 + -6 + 8 + 2 + -9?
-1
What is -19 + 18 - (-1 + -1 + 7)?
-6
9 + -16 + (2 - -1 - -1)
-3
Evaluate 3 + -1 - (2 + 2).
-2
What is the value of (-9 - -11) + 3 + -2 + -1?
2
What is the value of -4 + 10 + (0 - (-2 + 2))?
6
4 - (2 + 5 + 0 + -2)
-1
-3 - (-10 + 2 + -6 - -7)
4
What is (-9 - 0) + (-6 - -10) + -3?
-8
What is (-4 - -2) + (-2 - (-1 + -3))?
0
What is the value of -6 + (-7 - -4 - (-5 + -1))?
-3
Calculate -2 - (-2 + 1) - 1.
-2
What is (-6 - (5 - 3 - 2)) + 3?
-3
What is the value of -3 + (3 - -2) + -2 + -2?
-2
What is the value of (0 - 0) + (-16